 factors of 335795415.
3, 5, 22386361
List the prime factors of 339458967.
3, 41, 487, 1889
List the prime factors of 32550198.
2, 3, 23, 235871
What are the prime factors of 1394021219?
1394021219
List the prime factors of 150768732.
2, 3, 12564061
List the prime factors of 2981577.
3, 29, 43, 797
What are the prime factors of 4596623?
83, 55381
What are the prime factors of 34909556?
2, 11, 793399
List the prime factors of 1682159826.
2, 3, 17, 16491763
What are the prime factors of 2261656372?
2, 565414093
List the prime factors of 66447116.
2, 37, 67, 6701
What are the prime factors of 93314833?
19, 1439, 3413
What are the prime factors of 177222973?
29, 67, 197, 463
What are the prime factors of 1036251184?
2, 17, 19, 200513
List the prime factors of 66970941.
3, 22323647
What are the prime factors of 497099219?
863, 576013
What are the prime factors of 52600233?
3, 7, 349, 7177
What are the prime factors of 55114740?
2, 3, 5, 306193
List the prime factors of 3243793213.
3243793213
What are the prime factors of 77047417?
17, 4532201
What are the prime factors of 2813496991?
17, 19, 109, 157, 509
What are the prime factors of 192211441?
192211441
List the prime factors of 1776308111.
179, 9923509
List the prime factors of 104808127.
4297, 24391
List the prime factors of 7537831585.
5, 401, 3759517
List the prime factors of 3011846539.
13, 5927, 39089
What are the prime factors of 278875197?
3, 10328711
What are the prime factors of 50316076?
2, 479, 26261
List the prime factors of 4949936.
2, 309371
What are the prime factors of 3303929849?
11, 59, 73, 69737
List the prime factors of 106366796.
2, 241, 110339
What are the prime factors of 62134382?
2, 487, 63793
What are the prime factors of 130585775?
5, 5223431
What are the prime factors of 1195965246?
2, 3, 7, 53, 76753
What are the prime factors of 1851543748?
2, 83, 5576939
List the prime factors of 418742670.
2, 3, 5, 191, 73079
List the prime factors of 1668553586.
2, 7, 17026057
What are the prime factors of 5738455881?
3, 29, 7328807
List the prime factors of 198213166.
2, 17, 139, 41941
What are the prime factors of 1711151036?
2, 7, 1123, 54419
List the prime factors of 334924573.
179, 10453
What are the prime factors of 2419968504?
2, 3, 100832021
List the prime factors of 9771570.
2, 3, 5, 36191
What are the prime factors of 26491997?
7, 53, 101
List the prime factors of 1158111526.
2, 11, 13, 131, 30911
What are the prime factors of 3026071963?
3026071963
What are the prime factors of 374347040?
2, 5, 2339669
What are the prime factors of 769499094?
2, 3, 7, 13, 877, 1607
What are the prime factors of 14281929?
3, 1586881
List the prime factors of 13632443.
11, 19, 3433
What are the prime factors of 152284792?
2, 11, 61, 2579
What are the prime factors of 157811545?
5, 31, 401, 2539
What are the prime factors of 1107067315?
5, 29, 1459, 5233
What are the prime factors of 4486257609?
3, 79, 397, 47681
What are the prime factors of 3436339837?
7, 490905691
What are the prime factors of 425498143?
7, 60785449
List the prime factors of 836002139.
7, 8513, 14029
List the prime factors of 307261095.
3, 5, 149, 137477
List the prime factors of 65944702.
2, 1249, 26399
List the prime factors of 38878139.
1613, 24103
What are the prime factors of 1917520265?
5, 347, 373, 2963
What are the prime factors of 486990382?
2, 83, 2933677
List the prime factors of 18698108.
2, 11, 13, 97, 337
List the prime factors of 2649845723.
7, 479, 790291
List the prime factors of 5324833527.
3, 13, 97, 1407569
What are the prime factors of 384236875?
5, 11, 55889
List the prime factors of 160470642.
2, 3, 157, 170351
List the prime factors of 68331136.
2, 533837
What are the prime factors of 224418578?
2, 112209289
List the prime factors of 168380719.
13, 131, 98873
What are the prime factors of 47582333?
37, 34757
List the prime factors of 695054265.
3, 5, 17, 199, 13697
List the prime factors of 4927141969.
193, 25529233
What are the prime factors of 89142562?
2, 67, 9929
List the prime factors of 236313304.
2, 29539163
What are the prime factors of 223877101?
7, 23, 1390541
List the prime factors of 444477786.
2, 3, 107, 692333
List the prime factors of 940636318.
2, 8627, 54517
List the prime factors of 860989633.
7, 17, 1033601
What are the prime factors of 3752141?
3752141
List the prime factors of 127166931.
3, 23, 614333
What are the prime factors of 42462275?
5, 53, 73, 439
List the prime factors of 195732729.
3, 31, 41, 71, 241
List the prime factors of 84036182.
2, 1489, 28219
What are the prime factors of 39334666?
2, 7, 2809619
List the prime factors of 148783270.
2, 5, 61, 191, 1277
What are the prime factors of 21106505?
5, 7, 31, 397
What are the prime factors of 100042696?
2, 13, 47, 97, 211
List the prime factors of 249913716.
2, 3, 13, 1602011
List the prime factors of 111686779.
111686779
What are the prime factors of 300139634?
2, 37, 1447, 2803
What are the prime factors of 128865048?
2, 3, 13, 53, 7793
List the prime factors of 41095963.
23, 1786781
What are the prime factors of 311110491?
3, 103703497
What are the prime factors of 1871764088?
2, 233970511
What are the prime factors of 126538702?
2, 63269351
List the prime factors of 311411834.
2, 155705917
What are the prime factors of 66101016?
2, 3, 613, 4493
List the prime factors of 12833156.
2, 7, 458327
What are the prime factors of 2329689780?
2, 3, 5, 11, 23, 51157
List the prime factors of 138981719.
43, 71, 45523
List the prime factors of 4263886318.
2, 20173, 105683
List the prime factors of 30347912.
2, 7, 541927
What are the prime factors of 86253901?
19, 4539679
What are the prime factors of 229452098?
2, 114726049
List the prime factors of 173544187.
563, 308249
What are the prime factors of 4174118682?
2, 3, 695686447
What are the prime factors of 1110342066?
2, 3, 23, 31, 259547
List the prime factors of 23354052.
2, 3, 1946171
List the prime factors of 70543994.
2, 43, 820279
List the prime factors of 292447684.
2, 73111921
What are the prime factors of 45829863?
3, 2081, 2447
What are the prime factors of 617129?
617129
What are the prime factors of 663749171?
663749171
List the prime factors of 109040886.
2, 3, 19, 318833
List the prime factors of 2692810495.
5, 73, 487, 15149
List the prime factors of 38317247.
41, 934567
What are the prime factors of 8009225523?
3, 13, 5265763
What are the prime factors of 1092099860?
2, 5, 19, 2873947
List the prime factors of 110055580.
2, 5, 29, 31, 6121
What are the prime factors of 82324229?
13, 113, 56041
What are the prime factors of 112757792?
2, 7, 503383
What are the prime factors of 24896868?
2, 3, 2074739
List the prime factors of 251944285.
5, 31, 37, 197, 223
List the prime factors of 32902008.
2, 3, 29, 41, 1153
List the prime factors of 23689738.
2, 17, 696757
What are the prime factors of 2754682917?
3, 7, 131175377
List the prime factors of 28950121.
73, 396577
List the prime factors of 1704401942.
2, 852200971
List the prime factors of 75323041.
659, 114299
What are the prime factors of 123746203?
7, 31, 419, 1361
List the prime factors of 228445303.
17, 19, 707261
List the prime factors of 7475977.
61, 122557
List the prime factors of 258386165.
5, 733, 70501
List the prime factors of 1192507843.
1783, 668821
What are the prime factors of 3910590340?
2, 5, 67, 2918351
What are the prime factors of 2242221470?
2, 5, 23, 431, 22619
What are the prime factors of 126387522?
2, 3, 313, 22433
What are the prime factors of 138806141?
1637, 84793
List the prime factors of 210872551.
1321, 159631
What are the prime factors of 2532424073?
2532424073
List the prime factors of 2855262687.
3, 67, 163, 87149
List the prime factors of 3039305622.
2, 3, 506550937
What are the prime factors of 142359886?
2, 109, 113, 5779
List the prime factors of 98274969.
3, 13, 839957
List the prime factors of 1836573684.
2, 3, 11, 13913437
What are the prime factors of 554333086?
2, 29, 9557467
What are the prime factors of 35913098?
2, 13, 1381273
List the prime factors of 8474967584.
2, 264842737
What are the prime factors of 975272644?
2, 243818161
What are the prime factors of 22981449?
3, 47, 162989
List the prime factors of 483511303.
11, 43955573
What are the prime factor